= 26*q. What is the greatest common factor of q and 104?
26
Suppose -3*b = -4*d + 5 + 3, 0 = 5*b. Suppose -d*s + 280 = -4*u, 5*s - u = -0*u + 655. Calculate the highest common divisor of s and 10.
10
Suppose -p = -5*p. Suppose -8 = -4*h - p*h + 2*r, -8 = 2*r. Let n(t) = -2*t + 56. Let a be n(h). What is the greatest common factor of 84 and a?
28
Suppose -258673*x + 31185 = -258638*x. Let d = -75 - -174. Calculate the highest common divisor of x and d.
99
Let g(f) = 2*f**2 - 27*f + 138. Let t be g(9). Calculate the highest common divisor of 3819 and t.
57
Suppose 0 = 3*b - 18, -5*b = -1178*y + 1181*y - 2427. Let z(p) = 2*p**2 - p - 2. Let r be z(-4). What is the highest common factor of r and y?
17
Suppose -15*q + 8 = 68. Let u be 2/3*375 - (2 + q). What is the greatest common factor of u and 108?
36
Let z(l) = l**3 + 4*l**2 + l - 2. Let c be z(-3). Suppose c*p + 101 - 33 = 0. Let s = p - -42. Calculate the highest common factor of s and 25.
25
Let d = -438 - -627. Let n(x) = 593*x - 17089. Let p be n(29). Calculate the greatest common divisor of d and p.
27
Suppose 27600 = 83*p - 71*p. Calculate the greatest common divisor of 828 and p.
92
Suppose 192 = 4*p - 2*k - 20, 2*p + 2*k = 100. Let t(n) = 4*n + 38. Let l be t(10). Calculate the greatest common divisor of p and l.
26
Let j = 5892 - 5588. Calculate the greatest common factor of 1024 and j.
16
Let r be (-768)/(-80)*(4235/21 + -1 + -4). Calculate the highest common factor of 826 and r.
118
Suppose 3*f = -0*x - x + 1, -f - 8 = 2*x. Suppose -7*g = f*g - 1260. Let l = g + -88. Calculate the highest common divisor of 26 and l.
26
Suppose -2042 = -52*z - 1574. What is the highest common factor of z and 2199?
3
Let y(x) = 39*x + 432. Let p be y(-8). Calculate the greatest common factor of p and 690.
30
Let g = -12659 - -13065. Let m(k) = 2*k + 2. Let t be m(6). Calculate the highest common factor of t and g.
14
Let w = 9166 - 8119. What is the highest common factor of 6 and w?
3
Let b(k) = 11*k**2 + 1. Let n be b(-1). Let u be ((-3)/6)/((-1)/n). Let g be (-3 - 315/(-85))*1173/138. Calculate the greatest common divisor of g and u.
6
Suppose 179 - 1926 = 3*m + 5*i, -5*i + 2925 = -5*m. Let u = -379 - m. Calculate the highest common divisor of 82 and u.
41
Let l = -104 + 107. Suppose 3*h - 39 = -3*u, l*h + 4 = u - 9. Calculate the highest common factor of 1027 and u.
13
Let l(n) = 16 - 88 - n**2 + 55*n - 9 - 157 - 11. Let w be l(5). Calculate the greatest common divisor of w and 31.
1
Suppose 0 = -2*o - 0*o, -3*o + 1380 = 3*c. Suppose 0 = 47*w - 37*w - c. Calculate the highest common divisor of w and 414.
46
Suppose 3*d + 5*l - 1030 = 0, 4*d = 2*d + 3*l + 674. What is the highest common divisor of d and 220?
20
Let y(j) = -j**3 + j**2 + 48. Let i be y(0). Let m = -52 - -53. Let g be m/(-2)*(-20 - -8). What is the highest common divisor of g and i?
6
Let f(v) = 19*v**2 + 22*v + 51. Let y be f(-3). Let z be (-6)/y*4 + 279/39. Suppose -4*b + 86 = -362. Calculate the greatest common factor of z and b.
7
Suppose 45 = -3*s + 3*b, b + 9 = -3*s - 52. Let o = s - -17. Let j be (-694)/(-8) - o/8. Calculate the highest common factor of j and 29.
29
Suppose -212*q + 217*q = 995. Let r = q - -101. What is the greatest common divisor of 12 and r?
12
Suppose 71 = 5*p - 0*b - 2*b, -p + 17 = b. Let h(r) = 20*r + 8. Let w be h(-6). Let s = w - -157. What is the highest common factor of p and s?
15
Suppose -y - 6 = 0, 22*k + 5*y = 25*k - 138. Suppose -2*j - 4 + 28 = 0. What is the greatest common factor of k and j?
12
Let t(n) = 10*n**2 - 10*n + 13. Let o be t(-6). Let h = o - 121. Calculate the highest common divisor of h and 24.
24
Let w(b) = 7*b**3 + 5*b**2 - 9*b + 7. Let k be w(3). Let u = k - 171. Calculate the greatest common divisor of u and 1.
1
Suppose 320 = 5*r + 95. Let x(h) = 120 - 20*h**2 - 31*h + 21*h**2 + 124. Let g be x(13). What is the greatest common factor of g and r?
5
Let r(z) = -z**3 - 110*z**2 + 226*z + 234. Let q be r(-112). Let d be (21 + -1)*1*-8. Let u be 0 + 0 + d/(-4). Calculate the greatest common divisor of u and q.
10
Suppose 5*t = -3*c + 552, -17*c + 216 = 2*t - 15*c. Calculate the greatest common factor of t and 12274.
38
Let g = 29 + -27. Suppose -298 = -4*s + 2*b, -4*b = 2*s + 67 - 211. Suppose q + 3*f = 68 - 19, q - s = g*f. Calculate the greatest common divisor of 8 and q.
8
Let d be 2 - (2/(-4) - 35/(-14)). Suppose d*b = -b. Suppose -x = s - 23, b*s = 2*s + 3*x - 45. Calculate the greatest common divisor of 8 and s.
8
Suppose 4*x + 2183 = -3*f + 10849, -2*f + 8668 = 4*x. Let d be 10/(-25) - x/(-20). What is the highest common factor of 135 and d?
27
Suppose -4*o + 190 = 5*x, 3*x - 116 = 4*o + 30. Suppose -x = 34*g - 824. Calculate the greatest common factor of 184 and g.
23
Suppose 3*z - 3 = 45. Suppose -z*c = -12*c. Suppose -816 = -6*h - c*h. What is the greatest common divisor of 34 and h?
34
Let w(f) = f**3 - 11*f**2 + 2*f - 18. Let j be w(10). Let t = j + 139. Let s = t + -11. What is the highest common factor of 135 and s?
15
Suppose 5*h = 9*h - 52*h + 362736. Calculate the greatest common divisor of 22 and h.
11
Suppose 20*g + 468 = 29*g. Suppose -2*o + 103 + 417 = 0. What is the highest common divisor of g and o?
52
Let o(c) = 35*c**2 - 473*c - 953. Let j be o(-2). What is the greatest common factor of j and 833?
7
Let p = -589 - -637. Suppose -5*a = 5*q - 190, -2*a + 4*a - 5*q = p. What is the greatest common divisor of a and 442?
34
Let k = 3612 + -3588. What is the highest common factor of k and 426?
6
Let n(g) = -9*g**2 - 148*g + 1303. Let k be n(-22). Let o = -74 + 103. Calculate the greatest common divisor of k and o.
29
Let m = 12582 + -12468. Calculate the greatest common factor of 22762 and m.
38
Let x(d) = -d**2 - 11*d + 17. Let w be x(-10). Suppose 0 = 11*s - 10*s - 66. Let y be (9/(w/(-2)))/((-2)/s). What is the greatest common divisor of 242 and y?
22
Suppose 1388 - 69 = 2*v + 203. Calculate the greatest common factor of 54 and v.
18
Let i(o) = 43*o + 1510. Let t be i(-30). Calculate the greatest common factor of t and 1210.
110
Let u = -51 - -94. Suppose 3*i - 3*d + u + 14 = 0, 3*i = 5*d - 65. Let r be (-29)/(-4) + i/60. What is the highest common divisor of 35 and r?
7
Suppose -4*z - 119*k + 3116 = -123*k, k + 5 = 0. Calculate the greatest common factor of z and 36.
18
Let u(r) = -8*r + 99. Let s(y) = -7*y + 98. Let g(n) = -2*s(n) + 3*u(n). Let j be g(7). What is the highest common factor of j and 403?
31
Suppose 6*j - 523 = -91. Suppose j = -14*s + 18*s. Suppose 3*n + 318 = 5*m, -2*n - 53 = -m + 12. Calculate the highest common divisor of m and s.
9
Let j(v) = 2*v**2 + 10*v + 10. Let t(l) = l**2 - 12*l + 29. Let g be t(5). Let i be j(g). Calculate the greatest common factor of i and 286.
22
Suppose -3*w - 5*h + 2684 = 0, 23*h + 2683 = 3*w + 27*h. What is the greatest common divisor of 209 and w?
19
Let c(o) = 28*o**2 + 226*o - 226. Let n be c(1). Suppose 4*r = 59 + 109. What is the greatest common divisor of r and n?
14
Let q = -23 - -25. Suppose 142*l - 1116 - 601 = 839. What is the highest common factor of q and l?
2
Suppose 2*j + 1055 = b, -3*b = -2*j + 5*j + 1587. Let k be (-70)/(-15)*j/(-32). What is the greatest common divisor of k and 22?
11
Let d(p) = -p**3 + 6*p**2 + 6*p + 6. Let q be d(6). Let o(s) = -3*s**2 + 9*s + 33. Let a be o(4). What is the greatest common factor of a and q?
21
Let o = 64 - 65. Let l be -37*(-5 + o - 26). What is the greatest common divisor of 37 and l?
37
Let z(u) = -8*u - 36. Let x(b) = -8*b - 37. Let h(k) = -5*x(k) + 4*z(k). Let j be h(-4). Calculate the greatest common divisor of j and 69.
3
Suppose -2*n + 3*u + 85 = 0, 5*n - 3*u = 107 + 101. Let b be 3 - ((-3 - -3) + -2). Suppose b*i - 74 = 131. Calculate the highest common divisor of i and n.
41
Let c(y) = 68*y - 14. Let t be c(1). Suppose -a + 5*q + t + 19 = 0, q + 197 = 4*a. Calculate the greatest common divisor of 80 and a.
16
Let w(b) = 326*b**2. Let y be w(-1). Suppose -3*i = 5*h - 822, 2*h - 3*i + 7*i = y. Let l = 55172 - 55157. What is the highest common factor of l and h?
15
Let u = 84 + 555. Calculate the greatest common factor of 9 and u.
9
Suppose -11*n = -8*n + 30. Let f be 4*(-8)/10*n. What is the greatest common factor of 80 and f?
16
Suppose -2*d - 